{"id":33,"date":"2016-06-17T19:56:31","date_gmt":"2016-06-17T19:56:31","guid":{"rendered":"http:\/\/ateneodemontevideo.uy\/site\/?page_id=33"},"modified":"2016-06-17T20:05:49","modified_gmt":"2016-06-17T20:05:49","slug":"historia","status":"publish","type":"page","link":"http:\/\/ateneodemontevideo.uy\/site\/?page_id=33","title":{"rendered":"Historia"},"content":{"rendered":"<p>El ateneo de montevideo se funda el 5 de setiembre de 1868 como resultado de la fusi\u00f3n del ateneo del uruguay y la sociedad universitaria. Estamos cumpliendo 145 a\u00f1os de labor en pro de la cultura y la educaci\u00f3n.<\/p>\n<p>En su estatuto, que data de 1936, firmado por eduardo acevedo, establece como fines fundamentales:\u201dservir en un ambiente de absoluta libertad de esp\u00edritu el desarrollo de la cultura, favoreciendo su difusi\u00f3n mediante la libre discusi\u00f3n de todos los principios y tendencias, contribuyendo a la defensa de sus postulados, poniendo todos los medios legitimos a su alcance al servicio de las causas de la verdad y la justicia.<\/p>\n<p>En su extensa trayectoria ha cumplido con diversos roles dentro de nuestra sociedad, fundamentalmente el que se\u00f1alaba Prudencio V\u00e1zquez y Vega \u00ablos centros culturales y literarios de un pueblo son los focos de donde emanan los principios que deben gobernarlos basados en tres grandes ideas: libertad, civilizaci\u00f3n y progreso\u00bb<\/p>\n<p><img loading=\"lazy\" decoding=\"async\" class=\"size-medium wp-image-36 aligncenter\" src=\"http:\/\/ateneodemontevideo.uy\/site\/wp-content\/uploads\/2016\/06\/Antigua-300x229.jpg\" alt=\"Antigua\" width=\"300\" height=\"229\" srcset=\"http:\/\/ateneodemontevideo.uy\/site\/wp-content\/uploads\/2016\/06\/Antigua-300x229.jpg 300w, http:\/\/ateneodemontevideo.uy\/site\/wp-content\/uploads\/2016\/06\/Antigua-768x585.jpg 768w, http:\/\/ateneodemontevideo.uy\/site\/wp-content\/uploads\/2016\/06\/Antigua-1024x780.jpg 1024w, http:\/\/ateneodemontevideo.uy\/site\/wp-content\/uploads\/2016\/06\/Antigua-289x220.jpg 289w, http:\/\/ateneodemontevideo.uy\/site\/wp-content\/uploads\/2016\/06\/Antigua.jpg 1927w\" sizes=\"(max-width: 300px) 100vw, 300px\" \/><\/p>\n<p>El ateneo de montevideo cumpli\u00f3 con su rol cultural y educativo como universidad libre con sus cursos de estudios preparatorios, y una facultad de derecho, libre del sistema oficial del estado, libre de los cambios pol\u00edticos y del dogmatismo religioso que imperaba en nuestra sociedad de fin de siglo XIX.<\/p>\n<p>En materia educativa, conjuntamente con la sociedad de amigos de la educaci\u00f3n popular propici\u00f3 la reforma educativa escolar, destac\u00e1ndose la figura de Jos\u00e9 Pedro Varela uno de los fundadores del Ateneo de Montevideo.<\/p>\n<p>Mediante Pedro Figari y Carlos Vaz Ferreira (presidentes ambos de la instituci\u00f3n) se proyect\u00f3 tambi\u00e9n en otras \u00e1reas educativas.<\/p>\n<p>El Ateneo de Montevideo reuni\u00f3 a lo largo del tiempo las mentes m\u00e1s brillantes de cada \u00e9poca: a los ya nombrados podemos agregar a Jos\u00e9 Batlle y ordo\u00f1ez, Joaqu\u00edn Torres Garc\u00eda, Jos\u00e9 Enrique Rod\u00f3, Emilio Frugoni, El\u00edas Regules, entre tantos otros. Y mujeres como las hermanas Luisi, Paulina y Luisa que fueron precursoras de la liberaci\u00f3n femenina.<\/p>\n<p>La actual junta directiva tiene como desaf\u00edo fundamental el mantener el legado material y espiritual que dejaron nuestros antecesores, y desarrollarlo y proyectarlo para que sea una plataforma cultural de toda la sociedad.<\/p>\n","protected":false},"excerpt":{"rendered":"<p>El ateneo de montevideo se funda el 5 de setiembre de 1868 como resultado de la fusi\u00f3n del ateneo del uruguay y la sociedad universitaria. Estamos cumpliendo 145 a\u00f1os de labor en pro de la cultura y la educaci\u00f3n. En su estatuto, que data de 1936, firmado por eduardo acevedo, establece como fines fundamentales:\u201dservir en [&hellip;]<\/p>\n","protected":false},"author":2,"featured_media":0,"parent":0,"menu_order":0,"comment_status":"closed","ping_status":"closed","template":"","meta":{"footnotes":""},"class_list":["post-33","page","type-page","status-publish","hentry"],"_links":{"self":[{"href":"http:\/\/ateneodemontevideo.uy\/site\/index.php?rest_route=\/wp\/v2\/pages\/33"}],"collection":[{"href":"http:\/\/ateneodemontevideo.uy\/site\/index.php?rest_route=\/wp\/v2\/pages"}],"about":[{"href":"http:\/\/ateneodemontevideo.uy\/site\/index.php?rest_route=\/wp\/v2\/types\/page"}],"author":[{"embeddable":true,"href":"http:\/\/ateneodemontevideo.uy\/site\/index.php?rest_route=\/wp\/v2\/users\/2"}],"replies":[{"embeddable":true,"href":"http:\/\/ateneodemontevideo.uy\/site\/index.php?rest_route=%2Fwp%2Fv2%2Fcomments&post=33"}],"version-history":[{"count":3,"href":"http:\/\/ateneodemontevideo.uy\/site\/index.php?rest_route=\/wp\/v2\/pages\/33\/revisions"}],"predecessor-version":[{"id":38,"href":"http:\/\/ateneodemontevideo.uy\/site\/index.php?rest_route=\/wp\/v2\/pages\/33\/revisions\/38"}],"wp:attachment":[{"href":"http:\/\/ateneodemontevideo.uy\/site\/index.php?rest_route=%2Fwp%2Fv2%2Fmedia&parent=33"}],"curies":[{"name":"wp","href":"https:\/\/api.w.org\/{rel}","templated":true}]}}